= d + j. What is the tens digit of c?
2
Let x be -5 + 8 + (-3)/1. Suppose -3*b + 392 + 7 = x. What is the units digit of b?
3
Let r be 10*(-2)/3*-3. Let y be (-76)/(-20) + 2/10. Suppose -y*k - r = -9*k. What is the units digit of k?
4
Let k(j) = -6 - 9 - 27*j - 20*j. What is the units digit of k(-3)?
6
Let y(h) = 3*h + 2 - h - 4. Let b be y(3). Suppose 2*j - b = 64. What is the units digit of j?
4
Let y(l) = -l**2 - l + 2. Let k be y(0). Let r be 1/k*(-78)/(-13). What is the tens digit of -6*r/6 + 58?
5
What is the thousands digit of (-262 + 88)/(2/(-15))?
1
What is the units digit of (1 - 9) + 6 + -3 - -325?
0
Suppose 3*y = -0*y + 6. Suppose 0 = u - 3*z + 235, -2*z = -y*u + 3*z - 469. What is the units digit of (-24)/36 + u/(-6)?
8
Let x(j) = -5*j + 18. Let u(y) = 4*y + 20. Let i be u(-8). What is the units digit of x(i)?
8
Let v(n) = -n**2 + 46*n - 37. What is the units digit of v(26)?
3
Let m(a) = a**3 + 10*a**2 + 8*a - 7. Let g = -21 - -12. Let p be m(g). Let h = p - -15. What is the units digit of h?
7
Let g be 21/105 + (-9)/(-5). Suppose -6 = 4*m + 3*u, -1 - 1 = -g*m + u. Suppose m = 7*c - 13 - 204. What is the units digit of c?
1
Let v = 24 - 14. Let l be (1 - 3)*(-85)/v. Let z = l - 8. What is the units digit of z?
9
Let b(p) be the first derivative of -p**4/4 + p**3/3 + 2*p**2 + 3*p - 6. Let d = -34 + 32. What is the units digit of b(d)?
7
Suppose -32*v + 66631 = -27961. What is the thousands digit of v?
2
Let u(l) = 4*l - 4. Suppose -3*n = c - 2, 0*c + 3*n = 2*c - 4. Let g(t) = t**3 - t**2 - t + 2. Let d be g(c). What is the tens digit of u(d)?
1
Let g(p) = -3*p - 26. Let n be g(-7). What is the tens digit of (-134)/n + (-64)/80?
2
Suppose -q = -4*k + 4, 4*q - 3*q + 5*k = 5. Suppose -6*d + 4 = -2*d. What is the units digit of q/(-4) + d*24?
4
Let y(c) = c**3 - 7*c**2 + 3. Let f be y(5). Let v = -10 - f. What is the units digit of v?
7
Let s be (-3 + 1)*((-21)/6 + 1). Suppose s*i - 243 = 2*i. What is the units digit of i?
1
Let r = -21 + 22. Suppose f - 4*h - 188 = 0, -2*h - r - 9 = 0. What is the units digit of f?
8
Suppose -c + 99 = -4*c. Let n be 48/22 + 6/c. Suppose 0 = -w + n*w - 11. What is the units digit of w?
1
Let t(z) = z**3 - 4*z**2 - 3*z + 4. Let d be t(3). What is the tens digit of (d - (3 + -6))*-4?
4
Suppose 14*k = 16*k - 6, -3*g = -2*k - 2169. What is the hundreds digit of g?
7
Let k(t) = 37*t - 45. What is the hundreds digit of k(12)?
3
What is the tens digit of (0 + -4)*1 - (-955 - 114)?
6
Let m be 1*(-2)/4*6. What is the tens digit of (-1 - m)*27 - 0?
5
Let g(j) = j**3 + j**2 + j + 1. Suppose 0 = 2*m - 4*c - 16, -4*m - c + 0 - 4 = 0. What is the units digit of g(m)?
1
Suppose 5*l = -18 + 3, -5*v = 3*l - 1681. Suppose -3*k - 2*z + 0*z = -v, -3*k - 5*z + 323 = 0. What is the units digit of k?
6
Suppose 0 = 2*b + 10, -5*g - 2*b + 5 = 2*b. Suppose 2*w - 454 - 221 = -g*f, -3*f - w + 404 = 0. What is the units digit of f?
3
Let v(w) = 2*w - 18. Let f be v(10). Let k(i) = 12*i**2 + 3*i. What is the tens digit of k(f)?
5
Let n(w) = -w**2 - 8*w - 2. Let u(k) = k**3 + 5*k**2 + k - 1. Let m be u(-5). Let z be n(m). Suppose -3*q - z + 31 = 0. What is the units digit of q?
7
Let n(a) = 3*a**2 - 13*a - 89. What is the thousands digit of n(-20)?
1
Let j(h) = 280*h**2 + 5*h - 18. What is the hundreds digit of j(3)?
5
Let z be (3/(-3))/((-1)/2). Let p(n) = -n. Let v(l) = 4*l**2 + 1. Let g(o) = -2*p(o) + v(o). What is the units digit of g(z)?
1
Suppose -2*l + 5*x + 4 = -21, 3*l - 4*x = 27. Let z be 4 + 5/(15/513). Suppose -4*y + z = -5*o, 4*o - l*o = 5*y - 255. What is the units digit of y?
0
Let w(g) = 24*g**2 + 3*g - 4. What is the hundreds digit of w(-7)?
1
Let q be -3*((4 - 4) + -1). Let b(l) = 10*l**2 - 2*l + 7. What is the tens digit of b(q)?
9
Let g = 234 - 83. Let i = g + -134. What is the tens digit of i?
1
Suppose 0 = 5*x + 2 - 12. Let y be (x - 9/3)*1. Let l(k) = -14*k + 1. What is the units digit of l(y)?
5
What is the thousands digit of (4023/4)/(47/188)?
4
Let a(g) = -63*g - 31. Let c be a(-5). Suppose -c = 131*x - 132*x. What is the tens digit of x?
8
Let q = 326 + 89. What is the tens digit of q?
1
Let c be 0 + (-9 - 16/4). What is the tens digit of (-41)/(-2) - c/26?
2
What is the thousands digit of (-72633)/(-22) + -9 + 3/(-6)?
3
Let o(c) = 14*c**3 + 4*c - 3. Let d be o(2). What is the tens digit of (d/52 - 1/4)*25?
5
Let k(a) = 3*a + 13. Suppose -5*c = -s - 29, 0*s - 19 = s - 3*c. What is the units digit of k(s)?
1
Let w = 35 + -17. Suppose 4*g + w = 102. Suppose 0 = 3*p - 6*p + g. What is the units digit of p?
7
Let y be (2 + 4)/3*-2. Let z = -2 - y. What is the units digit of (-18)/z*(2 + -5)?
7
Suppose 3*t = -3 + 33. Let b be (-6)/t + 65/25. Suppose 0 = 3*i - 28 - b. What is the tens digit of i?
1
Suppose -3*f - 4*f + 840 = 0. Suppose -1230 = -9*k + f. What is the tens digit of k?
5
Let l = 536 - 172. What is the tens digit of l?
6
Let m be 4 - (3 + (-3 - -2)). Suppose 22 = -p - 4*s + 70, -228 = -4*p + m*s. What is the tens digit of p?
5
Let g be ((-3)/9)/((-6)/180). Suppose 5*d - g = 0, -i - 3*d + 7*d + 284 = 0. What is the tens digit of i?
9
Let h(x) = -x**2 + 7*x + 6. Let v = 79 + -39. Suppose -4*b - 3*p + v - 1 = 0, 5*b - p = 25. What is the tens digit of h(b)?
1
What is the hundreds digit of 1652/4 + (3 - 18/3)?
4
Let h(a) = 79*a**2 + 12*a + 16. What is the units digit of h(-5)?
1
Suppose 3*r = 4*j - 4, 4*r - r + 5*j - 32 = 0. Suppose d + 4 = 5*p, r*p - 2*d - d = 12. Let s = p + 1. What is the units digit of s?
1
Let v = -238 + 333. What is the units digit of v?
5
Let t = 47 + -10. Let c = t - 8. Suppose -5*o + c = -66. What is the units digit of o?
9
Let q(k) = -372*k**3 + 2*k**2 - k. Let b be q(1). What is the tens digit of 1/3 - b/3?
2
Let f(q) = -7*q - 19. Let m be f(-3). Let w(z) = 13*z**2 - z + 6. What is the units digit of w(m)?
6
Suppose 0 = 3*x + 15, 2*x + 12 = 2*o - 0*o. What is the tens digit of (-2)/o - (2 - 1) - -71?
6
Let y(x) = 51*x**3 + 2*x - 1. Let k be y(1). Suppose k = 3*z - 20. What is the units digit of z?
4
Suppose -4*p + 5*p = -13. Let x(b) = b**3 + 15*b**2 + 19*b + 24. What is the hundreds digit of x(p)?
1
Let t(m) = 2*m**2 + 5*m - 25. What is the tens digit of t(-10)?
2
Suppose 19*i = -2*i - 21. What is the tens digit of 182/14 - (0/(-2) + i)?
1
Suppose 4*k = 5*k - 136. Suppose k - 40 = -4*u. What is the tens digit of (-4)/(-2) - (2 + u)?
2
Let c(l) = 9 + 17*l**3 - 10*l**3 + 9*l**2 - 6*l**3 + 4 - 10*l. What is the units digit of c(-9)?
3
Suppose 2*j + 0*j - 2 = 0. What is the units digit of j/2 - 30/(-20)?
2
What is the units digit of ((-26838)/(-28))/((27/12)/3)?
8
Let c = 542 - 223. What is the units digit of c?
9
Let t = -8 - -6. Let k be 2/(-2) - (-3 - t). Suppose -2*z - 4 = k, -4*n - 5*z = -n - 17. What is the units digit of n?
9
Let w = 1205 + -1104. What is the units digit of w?
1
Suppose 2*q = -2*q + 2*z + 18, -5*q + 17 = 3*z. Suppose -q = -4*y + 12. Suppose u + 5*v - 30 = -y*u, 3*v = -4*u + 21. What is the units digit of u?
3
Let y(t) = -t + 70. Let i be y(0). What is the tens digit of 3/(-6)*-10 + i?
7
Let n(q) = 115*q + 20. What is the tens digit of n(5)?
9
Let x(j) = 5*j + 5. Suppose -6*z + 4 = -32. Let y = 9 + z. What is the units digit of x(y)?
0
Let k = 963 - 447. What is the units digit of k?
6
Let r(p) = 3*p**3 - 5*p**2 - 3*p + 8. Let j(v) = -4*v**3 + 4*v**2 + 2*v - 9. Let s(l) = -4*j(l) - 5*r(l). What is the units digit of s(-5)?
1
Let v(y) = -y - 4*y**2 + 2*y + 4 + 5*y**2. Let n be v(0). Suppose -72 - 36 = -n*h. What is the tens digit of h?
2
What is the units digit of (2*-2)/(-2) + (-14 - -105)?
3
What is the tens digit of 120/(-90) + 2144/6?
5
Suppose -7*b - 4 - 52 = 0. Let k(l) = l**3 + 12*l**2 + 12*l + 19. What is the tens digit of k(b)?
7
Let n(t) = 234*t - 63. What is the hundreds digit of n(6)?
3
Let o = -2099 - -4285. What is the hundreds digit of o?
1
Suppose -2*j + 5*l + 1630 = 0, 0 = -5*j - 3*l + 8*l + 4090. What is the tens digit of j?
2
Suppose -y = 3 - 8. Suppose k + l + y = 4*l, 0 = -4*k - 2*l + 8. Suppose h + k = 16. What is the tens digit of h?
1
Suppose -4*n = -1338 - 1438. What is the hundreds digit of n?
6
Let r = 1146 - 219. What is the hundreds digit of r?
9
Let a(f) = -595*f + 33. What is the units digit of a(-4)?
3
Let f(d) be the sec